he greatest common factor of 429 and 78?
39
What is the greatest common factor of 58 and 7917?
29
Calculate the greatest common factor of 25 and 990.
5
Calculate the highest common divisor of 1650 and 1870.
110
Calculate the highest common divisor of 16940 and 35.
35
Calculate the greatest common factor of 301 and 86.
43
Calculate the highest common factor of 18423 and 207.
207
What is the highest common factor of 5625 and 500?
125
What is the greatest common factor of 832 and 39?
13
What is the greatest common factor of 12 and 732?
12
What is the highest common divisor of 18 and 26?
2
Calculate the highest common divisor of 1032 and 168.
24
Calculate the highest common divisor of 74 and 777.
37
What is the highest common divisor of 89 and 20381?
89
What is the greatest common factor of 9 and 183?
3
What is the highest common factor of 605 and 4290?
55
Calculate the highest common factor of 16 and 3728.
16
Calculate the highest common factor of 6 and 174.
6
What is the highest common divisor of 84 and 273?
21
Calculate the greatest common divisor of 162 and 297.
27
What is the highest common divisor of 9576 and 72?
72
Calculate the greatest common divisor of 399 and 114.
57
What is the highest common factor of 752 and 32?
16
What is the greatest common factor of 690 and 960?
30
Calculate the highest common divisor of 2484 and 3456.
108
What is the highest common divisor of 37 and 1073?
37
Calculate the greatest common factor of 31953 and 3.
3
Calculate the greatest common factor of 30 and 105.
15
Calculate the greatest common divisor of 130 and 70.
10
Calculate the highest common divisor of 20 and 1735.
5
Calculate the highest common divisor of 230 and 30.
10
What is the highest common divisor of 378 and 18?
18
Calculate the highest common factor of 216 and 50.
2
Calculate the highest common factor of 38 and 2014.
38
Calculate the highest common divisor of 5362 and 84.
14
Calculate the greatest common factor of 4308 and 24.
12
What is the highest common divisor of 477 and 5777?
53
Calculate the greatest common divisor of 132 and 836.
44
Calculate the greatest common factor of 92 and 161.
23
Calculate the highest common divisor of 186 and 651.
93
Calculate the greatest common divisor of 1016 and 200.
8
What is the greatest common factor of 1275 and 51?
51
What is the greatest common divisor of 4 and 100?
4
What is the greatest common factor of 32 and 856?
8
Calculate the greatest common factor of 9 and 9.
9
What is the greatest common divisor of 4650 and 124?
62
What is the greatest common divisor of 1134 and 14?
14
Calculate the highest common divisor of 110 and 946.
22
Calculate the highest common factor of 4710 and 10.
10
What is the greatest common factor of 720 and 64?
16
Calculate the greatest common factor of 3 and 69.
3
What is the greatest common factor of 43 and 43?
43
Calculate the greatest common divisor of 107 and 2.
1
What is the greatest common divisor of 84 and 1932?
84
Calculate the highest common factor of 4704 and 144.
48
What is the highest common factor of 1 and 116?
1
What is the highest common divisor of 144 and 9?
9
Calculate the highest common factor of 378 and 84.
42
What is the greatest common divisor of 43 and 4?
1
What is the highest common factor of 56 and 826?
14
Calculate the greatest common divisor of 108 and 27.
27
What is the highest common divisor of 48 and 984?
24
Calculate the greatest common divisor of 644 and 828.
92
What is the highest common factor of 153 and 136?
17
Calculate the greatest common factor of 16 and 32.
16
What is the highest common factor of 185 and 19795?
185
Calculate the greatest common factor of 9 and 333.
9
What is the greatest common divisor of 664 and 40?
8
What is the highest common divisor of 240 and 840?
120
Calculate the greatest common divisor of 1614 and 12.
6
Calculate the greatest common divisor of 358 and 68378.
358
What is the highest common divisor of 252 and 63?
63
Calculate the greatest common divisor of 132 and 204.
12
Calculate the greatest common factor of 120 and 90.
30
Calculate the greatest common divisor of 301 and 21.
7
What is the highest common factor of 756 and 56?
28
Calculate the greatest common divisor of 576 and 128.
64
What is the greatest common factor of 21 and 4?
1
What is the greatest common factor of 1488 and 312?
24
Calculate the greatest common divisor of 6600 and 125.
25
What is the highest common factor of 884 and 91?
13
Calculate the greatest common factor of 344 and 43.
43
Calculate the greatest common divisor of 693 and 189.
63
Calculate the highest common divisor of 4118 and 1278.
142
What is the greatest common factor of 10 and 125?
5
What is the greatest common divisor of 65 and 1340?
5
Calculate the highest common divisor of 1810 and 2.
2
What is the highest common divisor of 496 and 62?
62
What is the highest common factor of 266 and 42?
14
Calculate the greatest common divisor of 2289 and 21.
21
What is the highest common divisor of 210 and 20?
10
Calculate the greatest common factor of 321 and 3.
3
What is the highest common factor of 1 and 53?
1
Calculate the highest common factor of 24 and 156.
12
What is the greatest common factor of 36 and 28?
4
Calculate the highest common divisor of 783 and 1073.
29
Calculate the highest common factor of 1246 and 98.
14
What is the highest common factor of 448 and 2432?
64
Calculate the greatest common divisor of 23101 and 13.
13
Calculate the highest common factor of 4740 and 60.
60
Calculate the greatest common divisor of 804 and 36.
12
Calculate the highest common factor of 16350 and 300.
150
Calculate the greatest common divisor of 35 and 28.
7
Calculate the greatest common divisor of 50 and 400.
50
Calculate the greatest common factor of 9 and 19629.
9
Calculate the greatest common factor of 24 and 6.
6
What is the greatest common factor of 208 and 13?
13
Calculate the highest common divisor of 68 and 28.
4
Calculate the greatest common factor of 2076 and 1903.
173
What is the highest common divisor of 1656 and 36?
36
Calculate the greatest common factor of 215 and 15.
5
What is the greatest common factor of 66 and 942?
6
What is the greatest common factor of 186 and 465?
93
What is the highest common divisor of 113 and 29719?
113
Calculate the highest common factor of 276 and 96.
12
Calculate the highest common factor of 27 and 1.
1
What is the greatest common divisor of 19 and 22?
1
What is the highest common divisor of 26 and 806?
26
Calculate the greatest common divisor of 294 and 6.
6
What is the greatest common factor of 44 and 242?
22
Calculate the greatest common divisor of 39 and 1625.
13
What is the highest common factor of 889 and 371?
7
What is the highest common divisor of 1300 and 52?
52
What is the greatest common factor of 54 and 81?
27
What is the highest common divisor of 4270 and 488?
122
What is the highest common divisor of 30 and 138?
6
Calculate the greatest common factor of 228 and 399.
57
What is the greatest common divisor of 7738 and 212?
106
Calculate the highest common divisor of 80 and 144.
16
What is the greatest common divisor of 18 and 1116?
18
What is the greatest common factor of 13300 and 28?
28
Calculate the highest common factor of 2375 and 152.
19
Calculate the greatest common divisor of 115 and 5.
5
Calculate the greatest common factor of 273 and 189.
21
Calculate the highest common factor of 5770 and 70.
10
What is the highest common divisor of 1804 and 2624?
164
Calculate the highest common divisor of 135 and 3645.
135
What is the highest common factor of 92 and 989?
23
What is the greatest common divisor of 69 and 299?
23
What is the greatest common divisor of 4014 and 18?
18
What is the greatest common divisor of 6 and 96?
6
Calculate the highest common divisor of 126 and 112.
14
What is the highest common divisor of 888 and 333?
111
Calculate the highest common factor of 2376 and 1620.
108
What is the highest common factor of 3075 and 410?
205
Calculate the greatest common factor of 632 and 158.
158
Calculate the greatest common divisor of 116 and 6699.
29
Calculate the highest common factor of 24 and 300.
12
Calculate the greatest common divisor of 52 and 1807.
13
What is the greatest common divisor of 9 and 27009?
9
Calculate the highest c